 134/y.
2, 3
Suppose -2*o - 138 = -480. List the prime factors of o.
3, 19
Suppose 0 = n - 0*n. Let y(h) = -h**2 - h + 37. Let a be y(n). Suppose -4*p + 4 + a = -o, 14 = p + o. What are the prime factors of p?
11
Suppose -114 - 206 = -4*u. Suppose -3*y + u = y. What are the prime factors of y?
2, 5
Let m(a) be the first derivative of -a**2/2 - 2*a - 3. What are the prime factors of m(-6)?
2
Suppose 2 = 3*o - o + 2*f, 2*o + 4 = -5*f. What are the prime factors of o?
3
Let h(v) = 4*v**2 - 4*v - 8. List the prime factors of h(-5).
2, 7
Let f(i) = i - 6 - 2*i + 0*i. What are the prime factors of f(-8)?
2
Let v = 2 - 0. Let r(m) = 5 + 4*m - 4 + v*m. What are the prime factors of r(1)?
7
Suppose -3*i + i = 0. Suppose -3*m - 7 - 5 = i. Let h(x) = -x**3 - 5*x**2 - 7*x - 5. List the prime factors of h(m).
7
Let v = -3 + 9. What are the prime factors of 5 - 0/(v/3)?
5
Suppose 14 = 3*q - 97. What are the prime factors of q?
37
What are the prime factors of 1/(-7) + (-7656)/(-84)?
7, 13
Suppose -2*w + 96 = 3*f, -7*w + 32 = f - 3*w. Suppose 2*k + 6 = f. List the prime factors of k.
13
Let o(k) = k**2 - 9*k + 5. Let m be o(9). Suppose 7 + 48 = m*u. List the prime factors of u.
11
Let a be (-30)/(-10)*4/3. Suppose a*m - 33 = 7. What are the prime factors of m?
2, 5
Let o(k) = k**2 + k - 5. Let f(h) = -h**2 - h + 6. Let d(z) = 4*f(z) + 5*o(z). Let t be d(1). Let s(w) = 10*w**2 + 1. What are the prime factors of s(t)?
11
Let b(m) = -3*m - 4. Let q be b(-4). Suppose -4*y + q = -0*y. Suppose 5*u - 6 = y*u. List the prime factors of u.
2
Let r(f) = f**2 + 4*f + 3. Let t be r(-4). Let p be 0/(3/9*t). Suppose 2*v - x + 3*x - 10 = 0, p = 4*v - 3*x - 27. List the prime factors of v.
2, 3
Let x(h) = -h**3 + h**2 - 2*h + 46. Suppose 2 = 5*q + j, 3*q + 2*j + j - 6 = 0. What are the prime factors of x(q)?
2, 23
Suppose 5*q = -4*o + 49, 10*q + 3*o = 5*q + 48. Let d = 23 - q. List the prime factors of d.
2, 7
Let n = -3 - -35. List the prime factors of n.
2
Let j = 32 - 10. List the prime factors of j.
2, 11
Suppose 11*y = -61 + 688. List the prime factors of y.
3, 19
Let d = -74 + 105. List the prime factors of d.
31
List the prime factors of -12*((-1)/(-5) - (-2583)/(-90)).
2, 3, 19
Let f = 296 - 135. List the prime factors of f.
7, 23
Suppose 0*g - 454 = -3*q + 4*g, -4*q - 3*g + 647 = 0. List the prime factors of q.
2, 79
Suppose -3*k = -z + 368, -4*z - 2*k + 3*k = -1483. What are the prime factors of z?
7, 53
Let g = -208 + 462. Let z be (-2)/(-4) - g/(-4). Suppose -4*b = 3*u - 66, -3*u - z = -3*b + 2*u. What are the prime factors of b?
2, 3
Suppose 24 = 4*s + 5*w - 0*w, -5*w + 6 = s. Suppose -s = -3*m - 0. Suppose -l - 5*f = -2, -m*f = 5*l + f - 54. What are the prime factors of l?
2, 3
Let m = 111 - 28. List the prime factors of m.
83
Suppose -2*y + 2 = -2*j, -5*j - 5*y = -1 - 34. Suppose 4*i - 3*i - 16 = 0. Suppose -b = j*b - i. What are the prime factors of b?
2
Let k = -19 + 12. Let r = -2 - k. What are the prime factors of r/15 - 20/(-3)?
7
Let k be (-3)/(-15) - (-28)/10. Suppose 5 - 3 = u. Let f = u + k. List the prime factors of f.
5
Let a(y) = -46*y + 15. What are the prime factors of a(-2)?
107
Suppose i - 4 = -0*i. Suppose c - 5*q = -i*c + 55, q - 37 = -5*c. List the prime factors of c.
2
Suppose b - 5*b = 16, -4*x = -3*b - 108. What are the prime factors of x?
2, 3
Let f(h) = -5*h**2 + h - 4. Let m(w) = -11*w**2 + w - 8. Let r(g) = -13*f(g) + 6*m(g). What are the prime factors of r(-6)?
2, 5
Let i(j) be the first derivative of 1 - 4*j + 3/2*j**2. List the prime factors of i(5).
11
Suppose 4*u - 603 - 1146 = -5*l, u = l - 357. What are the prime factors of l?
353
Let r be -3*(3 + (-3)/(-9)). Let m be (-4)/r + 46/10. Suppose -m*v = 2*u - 78, -v + 0*v + 5*u = 6. What are the prime factors of v?
2, 7
Let d(t) = -4 + 7*t**2 - 4 - 6*t**2 + 10*t. List the prime factors of d(-11).
3
Let k = -9 + 7. What are the prime factors of (4/(-10))/(k/10)?
2
Suppose 4*f - 17 + 6 = -z, 5*z = -4*f + 23. Suppose -f*b + 14 = g - 36, 5*b + 5*g = 115. What are the prime factors of b?
3
Let i = -1 + 5. Let c(y) = 2*y - 3*y + i*y**2 - 3*y**2 + 1. List the prime factors of c(3).
7
Let f be ((-15)/(-2) - 0)*2. Let t be (6 + -2)/(6/f). Let n = t - 4. What are the prime factors of n?
2, 3
List the prime factors of 1/(-6) - 85/(-6).
2, 7
Suppose -d + 185 = 5*m, 5*m - 531 = -3*d + 2*m. List the prime factors of d.
5, 7
What are the prime factors of (3/6)/1*14?
7
Suppose -42 = 3*k - 0*k. Let g = -3 + k. Let a = g + 32. List the prime factors of a.
3, 5
Suppose -11*m - 170 = -12*m. List the prime factors of m.
2, 5, 17
List the prime factors of ((-2)/6)/((-5)/855).
3, 19
Let c = 44 - 11. Let p = c + -19. List the prime factors of p.
2, 7
Let z(r) = -r**2 + 7*r + 1. Suppose -2*d + d + 3 = 0. Suppose -u + x - 5*x - 3 = 0, -d*u + 17 = -x. List the prime factors of z(u).
11
Let k(r) = 2*r + 18. Let o be k(-8). Suppose o*j = 10 + 16. What are the prime factors of j?
13
Suppose -3*j = -z - 443, 4*z - 296 = -2*j + 5*z. List the prime factors of j.
3, 7
Let d(n) = -n - 3. Let g be d(-5). Suppose g*j = 6*j - 48. Let l = 21 - j. What are the prime factors of l?
3
Let p = 63 - 36. Suppose p + 15 = 2*l. List the prime factors of l.
3, 7
Let k(t) = 6 + 5 + 9*t**2 - 3*t**3 + 2*t**3 - 8*t. List the prime factors of k(8).
11
List the prime factors of (468/30)/((-3)/(-20)).
2, 13
Suppose -66 = 4*x - 3*z, 15 = -4*x + 2*z - 53. What are the prime factors of (-129)/(-27) - 4/x?
5
Let o = 2 - 0. Suppose 7 = 3*m - o. Suppose m*t - 5*h = 80, -3*t - 6*h + h = -40. List the prime factors of t.
2, 5
Suppose 29 + 11 = 3*u + 4*c, 0 = -4*u + 4*c + 44. Let m(h) = -h**3 + 5*h**2 + 3. Let w be m(5). Let s = u - w. What are the prime factors of s?
3
Let r be 2 - (104/(-1) - -1). Suppose 25 - r = -2*b. Suppose b = 2*v + 3*v. What are the prime factors of v?
2
Let n = 1 + -1. Suppose n = 4*k - k. Suppose -s = -3*i + 47, k = 5*i - 5*s - 60 - 5. What are the prime factors of i?
17
Let c = 46 + 8. What are the prime factors of c?
2, 3
Suppose 5*p = 13 + 17. Let d(k) = k**3 + 6*k**2 - 6*k + 9. Let w be d(-7). Suppose -j + p = w*j. What are the prime factors of j?
2
Suppose -f + 240 = 4*f. Suppose r + 4*r - 3*m - f = 0, 0 = -5*m + 20. What are the prime factors of r?
2, 3
Suppose 0 = -0*i + i + 1. Let g be i/2*17*-2. Let q = 30 - g. List the prime factors of q.
13
Suppose 0*m + 3*m = -5*o - 11, 0 = 3*m - 5*o - 29. Suppose 0 = -t, r - m*t - 17 - 3 = 0. Let c = -8 + r. List the prime factors of c.
2, 3
Let r be ((-8)/(-12))/(2/9). Let n(t) = -3*t + 0*t + 2*t**2 + 4*t + 0*t**2 - 13*t**r. List the prime factors of n(-1).
2, 7
Let p = 16 + 2. List the prime factors of p.
2, 3
Let k(m) = m**2 - 5*m - 9. Let f be k(10). Suppose -5*q + 24 = r, 4*r - f = -5*q + 10. What are the prime factors of r?
3
Suppose -2*l + 23 = 3. List the prime factors of l.
2, 5
What are the prime factors of (-4)/(-10) - 8464/(-115)?
2, 37
Suppose -5*c - 2*f = 51 - 126, 5*f - 60 = -5*c. Let h(l) = -9*l + 3. Let b be h(-1). Let z = c - b. List the prime factors of z.
5
Let y = -86 + 161. What are the prime factors of y?
3, 5
Let q be (-6)/4*(-1824)/36. Let k = -36 + q. What are the prime factors of k?
2, 5
Let b = 61 - 124. Let y = 3 + -5. What are the prime factors of (-1)/y + b/(-6)?
11
Let j(f) = -f**3 + 20*f**2 + 24*f - 25. What are the prime factors of j(21)?
2, 19
Suppose 5*c = 5*j - 5, -1 = 3*c - 5*c - j. Let y = c - -4. What are the prime factors of y?
2
Let u = 1 - -4. List the prime factors of (-5)/(-2)*18/u.
3
Let c = -9 - -103. What are the prime factors of c?
2, 47
Let d = -8 + 19. Let a = 4 + d. What are the prime factors of a?
3, 5
Let y be (2/(-4))/(2/32). Let v(w) = w + 2*w**2 - w**2 + 2*w + 4*w. List the prime factors of v(y).
2
Let g(t) = t. Let s be g(2). Let k(y) = -y**2 - 8*y + 0*y**s + 2 + 0*y + y. What are the prime factors of k(-6)?
2
What are the prime factors of (0 + -2)*(-177)/6?
59
Let z(v) = 5*v**2 + 20*v + 35. List the prime factors of z(-11).
2, 3, 5, 7
Let p(a) = -a**2 - 14*a - 40. List the prime factors of p(-6).
2
Suppose 3*m - 4*m = -82. What are the prime factors of m?
2, 41
Let a(v) = -11*v**2 - v. Suppose 2*p + 5 = -3*p. Let n be a(p). Let k = n - -21. List the prime factors of k.
11
Let h be -6 - -7 - (-1 + 2). What are